and 566?
283
Calculate the highest common divisor of 48 and 4200.
24
Calculate the highest common factor of 52 and 91.
13
Calculate the highest common factor of 91 and 28.
7
Calculate the greatest common divisor of 2356 and 1364.
124
What is the greatest common factor of 329 and 2037?
7
Calculate the highest common factor of 36 and 960.
12
Calculate the greatest common factor of 1020 and 9435.
255
Calculate the highest common divisor of 625 and 25.
25
What is the highest common divisor of 53662 and 14?
14
Calculate the greatest common factor of 19 and 247.
19
Calculate the highest common divisor of 360 and 126.
18
What is the greatest common divisor of 24 and 87036?
12
Calculate the greatest common factor of 1640 and 40.
40
Calculate the highest common divisor of 4 and 332.
4
Calculate the highest common factor of 3341 and 156.
13
What is the highest common factor of 1300 and 52?
52
Calculate the highest common factor of 45 and 225.
45
What is the greatest common divisor of 161 and 119?
7
What is the highest common divisor of 90 and 2010?
30
Calculate the highest common factor of 72 and 408.
24
What is the greatest common factor of 434 and 3410?
62
What is the greatest common divisor of 3266 and 92?
46
Calculate the greatest common divisor of 688 and 32.
16
What is the greatest common factor of 1450 and 1102?
58
Calculate the highest common divisor of 20 and 1500.
20
Calculate the greatest common divisor of 144 and 264.
24
Calculate the highest common divisor of 9 and 24.
3
What is the greatest common factor of 26 and 481?
13
Calculate the greatest common divisor of 3 and 45.
3
Calculate the highest common factor of 276 and 12.
12
What is the greatest common factor of 18 and 30?
6
Calculate the greatest common divisor of 5673 and 2196.
183
Calculate the greatest common factor of 600 and 24.
24
What is the greatest common divisor of 665 and 3895?
95
What is the highest common factor of 290 and 140?
10
Calculate the greatest common factor of 1404 and 12.
12
Calculate the greatest common factor of 1406 and 37.
37
Calculate the highest common factor of 1 and 3.
1
Calculate the greatest common factor of 1178 and 38.
38
Calculate the highest common factor of 512 and 16.
16
What is the highest common divisor of 11855 and 5?
5
Calculate the highest common factor of 1736 and 62.
62
What is the greatest common divisor of 150 and 150?
150
What is the highest common factor of 11 and 10571?
11
What is the highest common divisor of 1943 and 87?
29
Calculate the highest common factor of 66 and 4026.
66
Calculate the highest common factor of 16 and 5144.
8
Calculate the highest common divisor of 416 and 96.
32
Calculate the highest common factor of 134 and 86698.
134
What is the greatest common divisor of 747 and 477?
9
What is the highest common divisor of 15 and 765?
15
What is the highest common divisor of 1963 and 26?
13
What is the highest common divisor of 437 and 92?
23
What is the highest common divisor of 27 and 135?
27
What is the highest common factor of 2210 and 136?
34
Calculate the highest common divisor of 130 and 325.
65
Calculate the greatest common factor of 19 and 76.
19
Calculate the greatest common divisor of 20 and 636.
4
What is the highest common divisor of 18 and 21?
3
What is the greatest common divisor of 264 and 78?
6
What is the highest common divisor of 258 and 258?
258
Calculate the greatest common factor of 6612 and 48.
12
Calculate the highest common factor of 78 and 221.
13
Calculate the highest common divisor of 159 and 1590.
159
What is the highest common divisor of 91 and 26?
13
Calculate the greatest common factor of 620 and 1460.
20
Calculate the greatest common factor of 494 and 152.
38
What is the highest common divisor of 26 and 611?
13
Calculate the highest common divisor of 3624 and 12.
12
What is the greatest common divisor of 158 and 8374?
158
What is the highest common factor of 1192 and 8?
8
Calculate the highest common factor of 65208 and 143.
143
What is the highest common divisor of 30 and 240?
30
Calculate the greatest common divisor of 1917 and 142.
71
What is the highest common factor of 297 and 22?
11
Calculate the greatest common divisor of 42 and 567.
21
Calculate the greatest common divisor of 1088 and 160.
32
What is the highest common factor of 180 and 75?
15
Calculate the greatest common divisor of 30 and 15825.
15
Calculate the highest common factor of 14 and 91.
7
What is the highest common divisor of 44384 and 64?
32
What is the highest common divisor of 351 and 156?
39
What is the greatest common factor of 18 and 8?
2
What is the highest common factor of 216 and 5328?
72
What is the highest common divisor of 19 and 2641?
19
What is the greatest common factor of 56 and 62?
2
Calculate the highest common divisor of 65 and 855.
5
Calculate the highest common factor of 71 and 4189.
71
What is the highest common divisor of 30 and 320?
10
Calculate the greatest common divisor of 8282 and 202.
202
Calculate the highest common divisor of 5529 and 57.
57
What is the highest common divisor of 17 and 170?
17
Calculate the highest common factor of 377 and 104429.
377
Calculate the greatest common factor of 87 and 203.
29
What is the highest common factor of 122 and 915?
61
Calculate the greatest common divisor of 2175 and 225.
75
What is the greatest common divisor of 4526 and 146?
146
Calculate the greatest common divisor of 68 and 68.
68
What is the greatest common factor of 66 and 308?
22
What is the greatest common factor of 77 and 1617?
77
What is the highest common divisor of 114 and 24?
6
What is the greatest common divisor of 3592 and 16?
8
Calculate the highest common divisor of 112 and 812.
28
Calculate the highest common divisor of 5 and 1.
1
Calculate the greatest common factor of 1920 and 1260.
60
Calculate the highest common factor of 6 and 282.
6
What is the highest common divisor of 20 and 220?
20
What is the greatest common divisor of 459 and 17?
17
Calculate the highest common factor of 180 and 85.
5
Calculate the greatest common factor of 12 and 10.
2
What is the highest common divisor of 8 and 118?
2
Calculate the highest common factor of 1666 and 68.
34
Calculate the highest common divisor of 255 and 340.
85
What is the greatest common factor of 12 and 128?
4
Calculate the greatest common divisor of 27 and 45.
9
What is the greatest common factor of 15610 and 70?
70
Calculate the greatest common factor of 3444 and 15.
3
What is the greatest common factor of 4130 and 70?
70
What is the greatest common divisor of 13 and 247?
13
What is the greatest common divisor of 2 and 6?
2
Calculate the highest common factor of 220 and 50.
10
What is the greatest common divisor of 24 and 3?
3
What is the highest common divisor of 15090 and 120?
30
Calculate the greatest common factor of 221 and 1469.
13
What is the highest common factor of 2665 and 41?
41
Calculate the greatest common divisor of 400 and 125.
25
Calculate the greatest common factor of 135 and 225.
45
What is the greatest common divisor of 3103 and 203?
29
Calculate the greatest common divisor of 2516 and 68.
68
Calculate the highest common factor of 12 and 48.
12
What is the highest common divisor of 36 and 828?
36
What is the highest common divisor of 426 and 6?
6
What is the highest common factor of 27962 and 62?
62
Calculate the greatest common factor of 8338 and 220.
22
What is the highest common divisor of 3795 and 506?
253
What is the highest common divisor of 300 and 7050?
150
What is the greatest common factor of 40 and 280?
40
Calculate the highest common divisor of 217 and 31.
31
Calculate the highest common factor of 1909 and 115.
23
What is the highest common divisor of 41 and 4387?
41
What is the greatest common factor of 205 and 55?
5
What is the highest common factor of 132 and 88?
44
Calculate the greatest common divisor of 200 and 75700.
100
Calculate the highest common factor of 1425 and 57.
57
Calculate the highest common divisor of 696 and 4056.
24
What is the highest common divisor of 1736 and 280?
56
What is the greatest common divisor of 6 and 498?
6
Calculate the highest common divisor of 94265 and 85.
85
Calculate the highest common divisor of 72 and 180.
36
Calculate the highest common divisor of 198 and 